16*q - 11. Let f be b(17). Let u(i) = i**2 - 5*i - 7. Let g be u(f). Let j(k) = -3*k**3 + 2*k**2 + 2*k + 1. What is j(g)?
4
Let c(n) = 5*n - 4*n - 5*n + 2. Let y be (18/(-36)*10)/((-1)/1). Give c(y).
-18
Let z(j) = -16*j - 443. Let d be z(-28). Let u(x) = -x**2 + 6*x + 9. Give u(d).
14
Suppose 31 = -4*i - 3*z, 0*i = -5*i + z - 34. Let g = i + 11. Let j(d) = -1 + 5 - d - g. What is j(1)?
-1
Let i(s) = -6*s**2 + 1. Let a(y) = y**2 + 2*y - 1. Let o be a(-3). Suppose 3*t = -5*l - 8, -o*t = 5*l - 3 + 10. Let c be t/(1 + -2 + 2). What is i(c)?
-5
Suppose 1 - 7 = -2*d. Let f(y) = 4 - 7*y**3 - d*y**3 - 3 - y**2 + y. Let a(n) = n**2 + 7*n + 5. Let g be a(-6). Give f(g).
9
Suppose 0 = -21*z + 36 - 141. Let r(d) be the third derivative of -d**4/24 - 11*d**3/6 - 2*d**2. What is r(z)?
-6
Let w(i) = -6*i**3 - i**2. Let r be (-5 + 4)/((-1)/(-13)). Suppose 4*f - 2*q + 59 = -5*q, -4 = 4*q. Let h = f - r. What is w(h)?
5
Let y(u) be the first derivative of u**2/2 - 4*u - 62. Determine y(-5).
-9
Let c(f) = -5*f**2 + 3*f**2 + 67 - 16*f - 60. Let m be c(-8). Let s(g) = -g**3 + 6*g**2 + 6*g + 1. Determine s(m).
-6
Let d = -13 + 17. Let h(k) = -6 - 7*k**2 + 4*k**2 + 0*k**2 - 7*k + d*k**2. Let g be -15*1*2/(-5). Calculate h(g).
-12
Let f be 1*(-5 + (-3 - -6) + 12). Let m(w) = -3*w + 15. What is m(f)?
-15
Let q(j) = j - 1. Let k be q(-6). Let b(z) be the first derivative of z**3/3 + 3*z**2 - 9*z - 358. Calculate b(k).
-2
Let z(x) = -23*x**3 - 7*x**2 - x - 5. Let q(h) = -50*h**3 - 14*h**2 - h - 11. Let t(o) = 6*q(o) - 13*z(o). Calculate t(8).
-9
Let f = -7 + 13. Suppose n = -f*n + 42. Let z(p) = -p**2 - 4*p + 0 - 1 + 2*p**2 + 2. Calculate z(n).
13
Let p(h) = -3*h**3 + 6*h**2 - h. Let m(s) = 7*s**3 - 12*s**2 + 3*s - 1. Let y(a) = 4*m(a) + 9*p(a). Give y(-5).
6
Let w(b) be the third derivative of 0*b + 0 + 1/6*b**4 + 0*b**3 + 12*b**2. What is w(-2)?
-8
Let j = -11 - -14. Suppose j*s = 5*s. Suppose s*y = y + 5. Let u(v) = v**2 + 4*v - 6. Determine u(y).
-1
Let a(z) = z - 1. Suppose -720*r + 721*r = 3. Determine a(r).
2
Let g(l) be the first derivative of l**3/3 + l**2 - l + 6. Suppose -3*m - 30 = 15. Let c = m - -16. Determine g(c).
2
Let z be 64/12*-1*-9. Let r be (z/(-28))/((-2)/7). Let s(w) = -6*w + 11. Let t(f) = -5*f + 10. Let x(o) = -2*s(o) + 3*t(o). What is x(r)?
-10
Let g(t) = -t**3 + 10*t**2 - 9*t + 2. Let n(v) = v + 7. Let u be n(2). Give g(u).
2
Suppose -3*t + 19 - 13 = 0. Let x(c) = 6*c**t + 3 - 11 - 2*c + 3 + 8. What is x(2)?
23
Let f(l) = -4 - l**2 + 10 + 2*l**2 - 4*l. Let c(y) = -y + 7. Suppose -10*s = -32 + 2. Let t be c(s). Give f(t).
6
Suppose -5*x + 1 = -19. Let n(w) = -4 - 4*w + 3*w + 7*w - x*w. Suppose 5 - 1 = i. Calculate n(i).
4
Suppose -4*w - 3*t - 9 = 0, -2*t + 3*t + 19 = -4*w. Let d(a) = -a - 7. Calculate d(w).
-1
Let w be (-209)/22 + 8 - -4. Let r(m) be the second derivative of 0 - w*m**2 - 1/12*m**4 + 7*m + 7/6*m**3. Calculate r(6).
1
Let a(c) = -c**3 + 6*c**2 + 5*c + 8. Suppose -3*j - 2*j = 3*g - 54, -4*j + 24 = -4*g. Let f = j + -2. Determine a(f).
-6
Let w(a) = 8*a + 60. Let k be w(-7). Suppose 0 = k*f - 19 - 9. Let t(g) = -g**2 + 7*g - 6. Determine t(f).
-6
Let m(f) = f**2 - 7*f - 1. Let t(o) = 3*o**3 + 2*o - 6. Let h be t(2). Suppose -2 = -4*j + h. Calculate m(j).
-7
Let h(i) = -2*i. Let c(t) = -t**2 + 23*t - 128. Let r be c(11). Determine h(r).
-8
Let s(b) = b**2 + 6*b + 9. Let d(o) = -o**3 + 6*o**2 - 8*o + 21. Let n be d(5). Let z be (21/(-9))/(2/n). Calculate s(z).
16
Let k(l) = -l**3 + 10*l**2 + 13*l - 19. Let a be k(11). Let n(t) = 10 - t + 2*t - a*t + 3*t. Calculate n(-5).
5
Let d(i) = i**3 - 2*i**2 - 2. Let h = 2 + 6. Let u(y) = 8 - h + 10 - 3*y + 4*y. Let v be u(-8). Determine d(v).
-2
Let s(o) = -o**3 - 5*o**2 + 3*o + 7. Suppose m + 2*m = 39. Let w = 13 - m. Let t be 1 + 1 + w + -7. What is s(t)?
-8
Let c(a) = -9*a + 13. Let n(i) = 4*i - 1. Let k(m) = 2*c(m) + 6*n(m). What is k(-4)?
-4
Let x(d) = 4*d**3 + d**2 - d. Suppose -12*h + 8 = -8*h. Let f be h/8*(-12)/(-3). What is x(f)?
4
Let x = -448 - -455. Let d(v) = v**3 - 7*v**2 - 3*v + 5. Calculate d(x).
-16
Let b(l) = 3*l**2 + 3*l**2 - l**2 - 4*l**2 + 10 - 10*l. Give b(8).
-6
Let k be 5 + (-776)/64 + (-2)/(-16). Let a(v) = -v**2 - 9*v - 11. Give a(k).
3
Let j(f) = 29*f. Let l(v) = -30*v. Let y(b) = 5*j(b) + 4*l(b). What is y(1)?
25
Let a(g) be the third derivative of 5/2*g**3 + g**2 + 0 - 1/24*g**4 + 0*g. Give a(7).
8
Let s(l) be the second derivative of l**4/12 - 7*l**2/2 - l + 111. Determine s(4).
9
Let r be (-204)/15 - (-35)/(-25). Let o(l) = l**3 + 16*l**2 + 15*l - 20. Determine o(r).
-20
Let i(z) = -7*z**2 + 45*z**3 - 109 - 2*z + 45 - 46*z**3 + 58. Let y = -1 + 1. Let n = -7 + y. What is i(n)?
8
Let g = -14 + 16. Let d(z) be the third derivative of -z**5/15 + z**4/6 - z**3/3 - 2*z**2. What is d(g)?
-10
Let z(d) = d**2 - d - 5. Suppose h = 4*w - 18, 6*h + 20 = 3*w + 2*h. Give z(w).
7
Let x(t) = -t**3 - 2*t**2 - 2*t. Let w = -48 + 48. Suppose 0 = i - w*u + 4*u - 2, -5*i - 12 = -2*u. What is x(i)?
4
Let r(a) be the first derivative of a**5/40 + a**4/24 - 13*a**3/3 + 6. Let f(j) be the third derivative of r(j). What is f(3)?
10
Let p(a) = -4*a - 13. Let o(w) = w + 4. Let h(z) = -3*o(z) - p(z). What is h(13)?
14
Let s(n) = 6*n - 10. Let c(b) = -2*b + 3. Let o(q) = 7*c(q) + 2*s(q). Let g be -6 - (1 - (0 + 2)). Determine o(g).
11
Let r = 8 + -6. Let w(z) = -r*z - 2*z - z**2 + 18*z**3 + 1 - 2 - 17*z**3. Calculate w(3).
5
Let d(n) = n - 5. Suppose 4*s + 3*f - 29 = 0, 3*s - 9 = -f + 3*f. Let k be d(s). Let m(x) = k + x + 8 - 7 - x**2 - 2*x. Determine m(-2).
-1
Let n(t) = -7*t + 0*t**2 + 0*t**2 + 2038 - 2030 + t**2. Calculate n(5).
-2
Let s(v) = v**3 - 4*v**2 + 2*v - 1. Let d be s(4). Let j(a) = -37*a - 42*a - 5 + 80*a. Give j(d).
2
Let s(n) = -n - 6. Let j = -44 + 32. Let z(i) be the first derivative of i**3/3 + 15*i**2/2 + 29*i + 2. Let m be z(j). Determine s(m).
1
Let u(v) = 11*v. Suppose 0 = 3*y + 94 + 95. Let n(q) = -49*q + 0 + 0 + 391*q. Let g(p) = y*u(p) + 2*n(p). What is g(1)?
-9
Let v(u) be the third derivative of u**2 + 0*u + 0 + 0*u**4 - 1/6*u**3 - 1/120*u**6 + 1/20*u**5. Suppose -3*s + 6 = 0, -5 = -2*r + 4*s - 7. Determine v(r).
-1
Let u(t) = -288*t**2 - 287*t**2 + 576*t**2 + 4*t + 12. Give u(-8).
44
Let w(f) = f + 10. Let o be w(-7). Let x(q) = q - q**3 + 2*q**2 + 2*q + 0*q**3 - 2. Calculate x(o).
-2
Suppose 6*u = 2*u - 4. Let c(n) = 2*n**2 + n + 1. Let q be c(u). Let s(x) = -7*x + 11 - 8 - x**q + 2*x. Determine s(-3).
9
Let o be (6 + -1)/(1/1). Let a(u) = 4*u - u + 3 + u - 3*u. Give a(o).
8
Let c = 1513 - 1530. Let z(l) = l**3 + 15*l**2 - 34*l + 5. Calculate z(c).
5
Let s(w) = 2 - 1 - 142*w + 292*w - 138*w. Calculate s(1).
13
Let b = 760 + -770. Let p(h) be the first derivative of -h**3/3 - 5*h**2 + 5*h + 2. Calculate p(b).
5
Suppose 0 = -2*k - k. Suppose 0 = z - k*z - 12. Suppose 0 = 10*o - 4*o - z. Let x(n) = n**2 - 4*n + 3. Calculate x(o).
-1
Let z(l) = 4*l**2 - 7*l - 21. Let h(w) = -11*w**2 + 18*w + 65. Let a(t) = -3*h(t) - 8*z(t). Give a(5).
8
Let d(b) = -13*b**2 - 26*b + 3. Let y(t) = 5*t**2 + 9*t - 1. Let v(g) = 3*d(g) + 8*y(g). What is v(5)?
-4
Let j(s) = -7*s**2 + s - 18. Let p(d) = 16*d**2 - d + 40. Let n(h) = 9*j(h) + 4*p(h). Give n(-6).
4
Let l(p) be the second derivative of -p**4/12 + 13*p**3/6 - 2*p**2 + 63*p. What is l(12)?
8
Let b(p) = -2*p**2 + 7*p - 18. Let f(i) = -i**2 + 4*i - 9. Let c(y) = -4*b(y) + 7*f(y). Let g = 86 + -68. Suppose 21*r = g*r. Determine c(r).
9
Let a(k) be the third derivative of -k**5/30 - k**4/8 + k**3/2 + 61*k**2. Calculate a(-3).
-6
Let y(q) be the third derivative of 0*q + 0 - 21*q**2 + 1/24*q**4 + 1/2*q**3. Calculate y(-7).
-4
Let n(r) = -12*r - 5*r**3 - 2*r**2 + 4*r - 1 + r**2 + 7*r + 0*r**3. Give n(-1).
4
Let m(s) be the first derivative of -s**4/4 + s**3/3 - s**2/2 + 6*s + 58. Calculate m(0).
6
Let x = 476 + -475. Let o(g) = -20*g**2 - g + 1. Determine o(x).
-20
Let k(y) = -3*y + 3. Let q be 6/21 + 7 + 40/7. What is k(q)?
-36
Let s(p) = 4*p - 4. Let q(k) = -7*k + 8. Let t(l) = 6*q(l) + 13*s(l). Let u(x) = -x - 1 + 8 - 8*x - 4. Let b(a) = -3*t(a) - 4*u(a). What is b(-2)?
-12
Let d(v) = -3*v. Let o(l) = -5*l + 8. Let f(g) = g**3 - 2*g**2 - g + 4. Let m be f(2). Let c be o(m). Determine d(c).
6
Let x be (14/21)/(4/42). Suppos